
In base 14, what is 80 - -71?
111
In base 7, what is 1365243 - 3?
1365240
In base 12, what is -50079 + 5?
-50074
In base 13, what is ca - -a6?
1a3
In base 12, what is -376 + -1a?
-394
In base 8, what is 63453 - -5?
63460
In base 13, what is -129c80 + 2?
-129c7b
In base 9, what is 147 + 524?
672
In base 15, what is 0 - 325a?
-325a
In base 8, what is 15763 + 6?
15771
In base 13, what is -a3190 + -1?
-a3191
In base 2, what is -100111010110000101100 - -11?
-100111010110000101001
In base 2, what is 11000 + 10100001110001011?
10100001110100011
In base 15, what is -8ebe - 9?
-8ec8
In base 15, what is -4 + -e90?
-e94
In base 5, what is -23231 + 2142?
-21034
In base 11, what is 19 + 7173?
7191
In base 6, what is -145020 + -103?
-145123
In base 8, what is -414 + 15740?
15324
In base 7, what is 15122 + 12?
15134
In base 10, what is -20 - 2240?
-2260
In base 11, what is 145a8 - -2?
145aa
In base 11, what is -1292 - -106?
-1187
In base 16, what is -71e + 1ad?
-571
In base 7, what is 2343423 - 3?
2343420
In base 9, what is -58205 - 1?
-58206
In base 7, what is -4 - -100161?
100154
In base 9, what is 16 + -34181?
-34164
In base 6, what is 3 - 45141?
-45134
In base 6, what is 134532 - -200?
135132
In base 12, what is a7b9 - 17?
a7a2
In base 3, what is -12100 + 112221?
100121
In base 2, what is -1010101111010011001 - 11?
-1010101111010011100
In base 2, what is -1110100111000000001 - -100?
-1110100110111111101
In base 3, what is -1102222012202012 + 12?
-1102222012202000
In base 15, what is 1 - -3a099?
3a09a
In base 3, what is -121 + 20212000012?
20211222121
In base 11, what is 4 - -20892?
20896
In base 12, what is -24 + 23908?
238a4
In base 3, what is -120011211022 - 11?
-120011211110
In base 13, what is 0 - 6b330?
-6b330
In base 8, what is 407 - -1042?
1451
In base 2, what is 101010110000010110011 + 100?
101010110000010110111
In base 12, what is 2 - 2622?
-2620
In base 7, what is -10516 + -4?
-10523
In base 7, what is 611 - -562?
1503
In base 7, what is -40214 - 44?
-40261
In base 5, what is -1 + -20331214?
-20331220
In base 10, what is 0 + -5878?
-5878
In base 15, what is -21be + -9?
-21c8
In base 7, what is 120 - -12153?
12303
In base 15, what is -a5 + 85a?
7a5
In base 12, what is -100bbb - 0?
-100bbb
In base 10, what is -355 + 315?
-40
In base 16, what is -30c9e + -1?
-30c9f
In base 13, what is 1 + -5110?
-510c
In base 3, what is 10212222 + -11?
10212211
In base 13, what is 61299 + 15?
612b1
In base 10, what is -7368 + -11?
-7379
In base 14, what is 3 - -28974?
28977
In base 9, what is 674 + 10?
684
In base 5, what is -3243340 + -10?
-3243400
In base 9, what is 6 + -586?
-580
In base 8, what is 10462713 + 3?
10462716
In base 5, what is -432212 - -441?
-431221
In base 7, what is 54604 - 16?
54555
In base 12, what is 333 - 923?
-5b0
In base 7, what is -421 - -534?
113
In base 3, what is -21 - -1011011200?
1011011102
In base 16, what is -76 - -344?
2ce
In base 4, what is -102 + 200130?
200022
In base 3, what is 10 + 222011110?
222011120
In base 6, what is 10240 + 305?
10545
In base 12, what is 12 - -11725?
11737
In base 2, what is 10011101100011111 + -101?
10011101100011010
In base 9, what is -2012275 - 0?
-2012275
In base 4, what is -2002003 + -22?
-2002031
In base 6, what is -141 + 1554?
1413
In base 4, what is 1 - -10322120?
10322121
In base 4, what is -2323 - -10132?
1203
In base 11, what is -13 + -228268?
-228280
In base 6, what is -114242 - 3?
-114245
In base 2, what is 11011001110 - -1?
11011001111
In base 16, what is -12 + 535?
523
In base 5, what is -12 + 1313030?
1313013
In base 12, what is -1 - -3487a?
34879
In base 3, what is 12211000 + -10?
12210220
In base 7, what is 2 + 414420?
414422
In base 4, what is -12213 - 3?
-12222
In base 2, what is 100101010 + 1110101?
110011111
In base 5, what is 41023203 - 2?
41023201
In base 14, what is -8 + 698?
690
In base 11, what is 5 + 1aa95?
1aa9a
In base 2, what is -110100101001111 + 1111?
-110100101000000
In base 14, what is -b + 11db4?
11da7
In base 7, what is -3 + -11603225?
-11603231
In base 16, what is 1 + -68724?
-68723
In base 4, what is -32 + 21123313?
21123221
In base 4, what is -1032221 - -13?
-1032202
In base 7, what is -1433 - 2412?
-4145
In base 8, what is -354 + 243?
-111
In base 15, what is -d8c79 - -1?
-d8c78
In base 12, what is 336 + 59b?
915
In base 9, what is 4 - 581274?
-581270
In base 14, what is -ab05 + -1d?
-ab24
In base 13, what is -1b36a - 16?
-1b383
In base 10, what is -25650 - 3?
-25653
In base 8, what is 3705 + -33?
3652
In base 12, what is 4 + -35118?
-35114
In base 6, what is 2501022 - 10?
2501012
In base 16, what is -3b550 + -11?
-3b561
In base 15, what is 216a75 + -4?
216a71
In base 12, what is -18ab1 - 4?
-18ab5
In base 7, what is 2304 + -6302?
-3665
In base 8, what is 150732 + -1?
150731
In base 8, what is 1237 + 263?
1522
In base 6, what is 50150 - -1?
50151
In base 15, what is e0a + -16?
de4
In base 8, what is -1 + 10241?
10240
In base 12, what is -2a + 306?
298
In base 13, what is 5 - -2b304?
2b309
In base 11, what is 5 + -17580?
-17576
In base 3, what is -22101220211 + 0?
-22101220211
In base 16, what is -acd - 4?
-ad1
In base 14, what is -244a42 + -4?
-244a46
In base 2, what is 1000110000 + 10111?
1001000111
In base 10, what is -28 + 52?
24
In base 13, what is -65 + a60?
9c8
In base 12, what is 865 - 8?
859
In base 7, what is -42 + -15051?
-15123
In base 7, what is -1123 - 134?
-1260
In base 10, what is 87959 + 5?
87964
In base 10, what is 111991 + -1?
111990
In base 5, what is -2241123 + -10?
-2241133
In base 4, what is 2132201 + 11?
2132212
In base 12, what is -1155 - -27?
-112a
In base 10, what is -170 - -3322?
3152
In base 7, what is 210 + -4?
203
In base 12, what is 0 + -356810?
-356810
In base 12, what is -4 + -1740?
-1744
In base 7, what is 1036116 - -5?
1036124
In base 15, what is 1c03 + -3a?
1bb8
In base 13, what is -1c8 - -b1?
-117
In base 12, what is -1 + -aa63?
-aa64
In base 9, what is 32285 - 14?
32271
In base 4, what is -20 - 2003321?
-2010001
In base 7, what is -1264301 - 5?
-1264306
In base 3, what is -1110002 + -1121?
-1111200
In base 5, what is -1 + 301040?
301034
In base 12, what is -7892 + -5?
-7897
In base 15, what is -135527 - -2?
-135525
In base 4, what is 112000022 + 10?
112000032
In base 12, what is -4b9 - -1374?
a77
In base 12, what is -9 - 53918?
-53925
In base 2, what is 11111 + -1101110011?
-1101010100
In base 14, what is c74cb - -1?
c74cc
In base 6, what is -5 - 2342131?
-2342140
In base 13, what is -172 - 48?
-1ba
In base 15, what is 7 - -895?
89c
In base 11, what is 979 - 3?
976
In base 12, what is -6ba5 - -5?
-6ba0
In base 2, what is 11101 + 1011110010?
1100001111
In base 12, what is 140b041 + 2?
140b043
In base 10, what is 99 - 44521?
-44422
In base 11, what is 16131 + 48?
16179
In base 6, what is -3 + -155244?
-155251
In base 2, what is -110001 + -111010100000?
-111011010001
In base 12, what is 1704 - 7?
16b9
In base 7, what is 5 + 100314?
100322
In base 3, what is -210001122 + 0?
-210001122
In base 16, what is 0 + 3411b?
3411b
In base 6, what is 2245 - -113?
2402
In base 12, what is 0 - -7a57?
7a57
In base 6, what is -3231340 - 10?
-3231350
In base 12, what is 6 - 5580?
-5576
In base 5, what is 242412 + -11?
242401
In base 5, what is -3 - 3344430?
-3344433
In base 15, what is 2bd + -1d?
2a0
In base 6, what is 34345535 - 2?
34345533
In base 9, what is -72 - 2651?
-2733
In base 5, what is 3 - 14234032?
-14234024
In base 5, what is 142 + -12240?
-12043
In base 3, what is -11022121 + -1021?
-11100212
In base 15, what is 111b6 - -4?
111ba
In base 4, what is 2 + 112120222?
112120230
In base 8, what is 15015150 - 5?
15015143
In base 13, what is 23acc - 5?
23ac7
In base 9, what is -172 - 43?
-225
In base 4, what is -30131023 + 1?
-30131022
In base 14, what is -73645 + -1c?
-73663
In base 13, what is 7 + -44a7?
-44a0
In base 16, what is -735 - b?
-740
In base 12, what is 3 - -29a917?
29a91a
In base 3, what is 1002210000222 + -112?
1002210000110
In base 9, what is 38 - 712?
-663
In base 13, what is 0 - -6183a?
6183a
In base 14, what is -45 + 4c?
7
In base 13, what is 71 - 69b?
-62a
In base 8, what is 345000 - 2?
344776
In base 12, what is 21638 + 1?
21639
In base 3, what is 120201 + -100222?
12202
In base 15, what is 0 - -65d4?
65d4
In base